
Calculate the highest common factor of 112 and 686.
14
Calculate the highest common factor of 6 and 80.
2
Calculate the greatest common divisor of 8 and 5.
1
What is the highest common factor of 1054 and 62?
62
What is the greatest common divisor of 37 and 1998?
37
What is the greatest common divisor of 84 and 1344?
84
Calculate the highest common factor of 55 and 25.
5
Calculate the greatest common divisor of 2178 and 72.
18
What is the greatest common factor of 14 and 32?
2
Calculate the highest common factor of 12831 and 819.
273
What is the greatest common divisor of 152 and 25688?
152
Calculate the highest common factor of 2076 and 24.
12
Calculate the greatest common divisor of 435 and 15.
15
What is the greatest common divisor of 144 and 784?
16
Calculate the greatest common divisor of 2484 and 216.
108
What is the highest common divisor of 4123 and 496?
31
What is the greatest common factor of 221 and 51?
17
What is the greatest common factor of 1075 and 516?
43
What is the greatest common divisor of 14 and 672?
14
Calculate the greatest common divisor of 1431 and 81.
27
What is the highest common factor of 16 and 28624?
16
What is the greatest common factor of 41 and 1?
1
Calculate the highest common factor of 684 and 304.
76
Calculate the highest common factor of 2 and 8.
2
Calculate the highest common divisor of 1455 and 15.
15
What is the highest common divisor of 1022 and 803?
73
Calculate the greatest common divisor of 3 and 1324.
1
What is the highest common factor of 136 and 32?
8
What is the highest common factor of 21 and 336?
21
Calculate the greatest common factor of 8 and 79.
1
Calculate the highest common divisor of 15350 and 400.
50
Calculate the highest common factor of 54 and 210.
6
What is the highest common factor of 57 and 18?
3
Calculate the highest common divisor of 190 and 817.
19
Calculate the greatest common divisor of 162 and 4.
2
Calculate the greatest common factor of 914 and 2.
2
Calculate the highest common factor of 10 and 670.
10
What is the highest common divisor of 32 and 52?
4
Calculate the highest common factor of 10114 and 26.
26
What is the greatest common factor of 156 and 276?
12
Calculate the highest common divisor of 279 and 713.
31
Calculate the greatest common factor of 342 and 18.
18
Calculate the greatest common divisor of 845 and 2873.
169
Calculate the greatest common factor of 176 and 12936.
88
Calculate the highest common divisor of 3852 and 36.
36
Calculate the greatest common divisor of 12 and 4908.
12
Calculate the greatest common divisor of 73 and 803.
73
Calculate the greatest common divisor of 41 and 119597.
41
What is the highest common divisor of 93 and 11811?
93
Calculate the highest common divisor of 72 and 152.
8
Calculate the greatest common divisor of 822 and 137.
137
What is the highest common divisor of 531 and 153?
9
Calculate the highest common factor of 115 and 46.
23
Calculate the highest common divisor of 35 and 5.
5
Calculate the greatest common divisor of 32428 and 88.
44
Calculate the highest common divisor of 83 and 3403.
83
What is the greatest common factor of 596 and 11622?
298
What is the highest common factor of 783 and 87?
87
What is the highest common factor of 23 and 5?
1
What is the greatest common divisor of 9 and 18?
9
Calculate the greatest common divisor of 26 and 3146.
26
Calculate the highest common divisor of 204 and 540.
12
Calculate the greatest common factor of 47 and 188.
47
What is the greatest common factor of 196 and 84?
28
What is the greatest common factor of 5 and 17?
1
What is the highest common factor of 1216 and 76?
76
What is the greatest common divisor of 40 and 380?
20
Calculate the greatest common divisor of 1258 and 34.
34
Calculate the highest common divisor of 12 and 12.
12
Calculate the highest common divisor of 6854 and 1192.
298
What is the highest common factor of 287 and 14?
7
What is the greatest common factor of 36 and 2124?
36
Calculate the greatest common divisor of 62 and 992.
62
Calculate the highest common divisor of 96 and 6144.
96
Calculate the highest common divisor of 29 and 464.
29
Calculate the greatest common divisor of 1206 and 414.
18
What is the greatest common divisor of 407 and 111?
37
Calculate the highest common factor of 8 and 212.
4
Calculate the highest common divisor of 315 and 1365.
105
What is the highest common factor of 2750 and 22?
22
Calculate the greatest common factor of 2405 and 65.
65
What is the highest common factor of 410 and 82?
82
Calculate the highest common factor of 531 and 144.
9
What is the greatest common factor of 2507 and 23?
23
What is the highest common factor of 10270 and 20?
10
Calculate the greatest common factor of 155 and 25.
5
Calculate the highest common divisor of 28328 and 8.
8
What is the highest common divisor of 3893 and 4809?
229
What is the greatest common factor of 390 and 4134?
78
Calculate the highest common divisor of 8 and 424.
8
Calculate the greatest common divisor of 10791 and 27.
9
Calculate the highest common factor of 455 and 5265.
65
Calculate the greatest common divisor of 275 and 99.
11
Calculate the greatest common factor of 8 and 54.
2
Calculate the greatest common factor of 123 and 861.
123
Calculate the highest common factor of 2922 and 24.
6
Calculate the highest common divisor of 122 and 3843.
61
Calculate the highest common divisor of 462 and 700.
14
Calculate the greatest common divisor of 315 and 693.
63
Calculate the highest common divisor of 8070 and 45.
15
Calculate the highest common divisor of 340 and 900.
20
Calculate the highest common factor of 11 and 11.
11
Calculate the highest common factor of 19008 and 99.
99
What is the greatest common factor of 4 and 34?
2
Calculate the highest common divisor of 165 and 363.
33
Calculate the highest common divisor of 1587 and 69.
69
Calculate the greatest common factor of 132 and 12.
12
Calculate the greatest common factor of 124 and 12.
4
Calculate the greatest common divisor of 2629 and 11.
11
What is the highest common divisor of 1674 and 54?
54
What is the greatest common divisor of 1608 and 30?
6
What is the highest common factor of 184 and 24?
8
What is the greatest common factor of 3 and 29?
1
Calculate the highest common divisor of 12 and 84.
12
Calculate the highest common divisor of 108 and 675.
27
What is the highest common divisor of 91 and 1664?
13
Calculate the highest common divisor of 833 and 1275.
17
What is the highest common factor of 4590 and 324?
54
Calculate the highest common factor of 5 and 3.
1
Calculate the highest common factor of 855 and 180.
45
What is the greatest common divisor of 58 and 58?
58
Calculate the highest common divisor of 24 and 4332.
12
Calculate the highest common factor of 58 and 493.
29
Calculate the highest common divisor of 4893 and 42.
21
What is the highest common divisor of 190 and 530?
10
What is the greatest common divisor of 800 and 32?
32
Calculate the greatest common factor of 3315 and 20.
5
Calculate the greatest common divisor of 16262 and 94.
94
What is the greatest common factor of 212 and 4?
4
What is the greatest common factor of 1296 and 224?
16
What is the greatest common divisor of 161 and 299?
23
Calculate the greatest common divisor of 225 and 275.
25
Calculate the greatest common divisor of 8 and 662.
2
What is the highest common factor of 201 and 4958?
67
Calculate the highest common divisor of 21285 and 90.
45
Calculate the highest common divisor of 254 and 8001.
127
Calculate the highest common factor of 12 and 150.
6
Calculate the highest common divisor of 11934 and 102.
102
What is the greatest common divisor of 2 and 94?
2
Calculate the greatest common divisor of 1975 and 100.
25
Calculate the greatest common factor of 225 and 30.
15
What is the greatest common factor of 3477 and 732?
183
What is the highest common factor of 395 and 45?
5
Calculate the highest common divisor of 28 and 1792.
28
What is the highest common divisor of 2771 and 34?
17
What is the greatest common factor of 15226 and 46?
46
Calculate the highest common divisor of 748 and 17.
17
Calculate the greatest common factor of 60 and 192.
12
What is the highest common factor of 13 and 13?
13
What is the greatest common factor of 28 and 203?
7
W